0 - 5) + -4.
-4
Calculate 3 - ((-7 - (-6 + 3)) + 6).
1
Calculate -5 - (-1 - (2 - 0 - 3)).
-5
-5 + 3 - (-1 - 1)
0
Calculate 2 + 1 + 2 + -2 + -5.
-2
Calculate 2 - 3 - (-23 - -16).
6
Calculate -3 + -4 + 1 - -3.
-3
What is the value of -6 + (-13 - (-2 - 4) - -5)?
-8
What is the value of -9 - ((2 - 2) + -5)?
-4
8 + (-4 - 6) - 6
-8
What is the value of (-1 - (0 + 1)) + 4 + 0?
2
-27 + 13 - -19 - (14 + -1)
-8
What is the value of (0 - -4) + 0 + -1 - -1?
4
Calculate -6 - (-4 - -1 - 0) - -1.
-2
0 + (-3 - (-3 - 0))
0
Calculate (-6 - -3 - 1) + (-1 - -1).
-4
What is -1 + -7 + 7 - -11?
10
Evaluate (-3 + -2 - (-1 + -6)) + -10.
-8
What is the value of (0 - -4) + (-1 - 8)?
-5
Evaluate 4 - (-1 + -1 + 3).
3
Evaluate -3 + (6 - 4) + 4.
3
Evaluate -8 - 1 - (5 - (15 - 7)).
-6
What is (6 - 3) + 0 - 0?
3
Calculate 2 + (-12 - (-7 + 0)).
-3
Calculate -7 - ((-2 - 2) + -20 + 18).
-1
108 - 100 - (2 + 10)
-4
Evaluate 3 + (1 - 12) + -2 + 8.
-2
Calculate -2 - (-2 - (5 + -11) - 4).
-2
What is the value of 4 - (3 + -1 + -2) - 5?
-1
What is (4 - 2) + -2 - (60 - 57)?
-3
(6 - (0 - -5)) + 2 + -3
0
What is the value of (0 - 3) + 2 + (-1 - -1)?
-1
What is the value of 0 + -3 + 4 + (-10 - -4)?
-5
4 + -2 + 3 + (-18 - -17)
4
What is (-6 - (-7 - -5)) + (-2 - -1)?
-5
Evaluate (-28 - -25) + (1 - -12).
10
-1 + -8 + (-33 - -45)
3
Evaluate -9 - -8 - (-7 - (-1 - 1)).
4
What is -7 + (3 - -3) + 4?
3
What is (5 + -2 - 5) + 3?
1
Calculate -6 + (-18 + 22 - (7 + -2)).
-7
6 + 0 + -1 + -2
3
(-4 - (3 - 1)) + (-5 - -18)
7
2 - -2 - (-1 + 5)
0
(-1 - -4) + -1 + -3 + 4
3
Evaluate -1 + -1 + (5 - 3) + 2.
2
What is (18 - 23 - -11) + -1 + -4?
1
-2 + (-6 - 0) - -5
-3
14 - (3 - -3) - 6
2
Calculate -4 - (2 + 1 + -3 + -1).
-3
What is 1 - (1 - 0 - (0 - -8))?
8
Evaluate 5 + 0 - (0 - (-5 - 1)).
-1
Calculate 1 + (0 - 2 - 3).
-4
Calculate 3 - (3 + (5 - 6)).
1
What is the value of -3 + (7 + -10 - -14) - 6?
2
Evaluate 0 - (8 + -11 + 3).
0
2 + 0 + -1 + -1 - 4
-4
Evaluate (0 - -6) + (-3 - -2).
5
Calculate 7 + (-13 - -2) + 2.
-2
Calculate 3 + 5 + -2 - (-1 - -3).
4
11 - (6 + 9) - -6
2
Evaluate -19 - ((-6 - 7) + 1).
-7
(-11 - -8) + -1 - -8
4
What is the value of -15 - 3 - (-12 - 0)?
-6
What is the value of 2 - (7 + 7 + -15)?
3
What is the value of 16 - 19 - (0 - (0 - 1))?
-4
Evaluate (-15 - (-5 + -4)) + 2 - -1.
-3
(9 - 12) + 6 - 10
-7
Calculate 4 + (-3 - (-2 + 0)) + -6.
-3
2 + -2 - (-6 - -8)
-2
(0 - (6 + -6)) + -1
-1
Evaluate -10 + 5 + (10 - 1).
4
-14 - -14 - (-1 - (1 - -2))
4
What is the value of -5 + 4 + -1 + -17 + 10?
-9
What is -1 - -2 - (14 + -13)?
0
What is (5 - (1 + 3)) + -1?
0
Calculate -7 + (-4 + -9 - -19).
-1
Calculate 2 + 0 - (-2 + -1) - 1.
4
Evaluate (-9 - -4) + 4 + -4.
-5
What is 0 + (-10 - -4 - -4) - -1?
-1
0 - 7 - 1 - (-3 - -2)
-7
What is 6 - (-9 + 9 + 4)?
2
1 + (1 - 2) + (33 - 28)
5
What is -13 + (7 + -15 - -24)?
3
6 + -3 + 1 + (15 - 10)
9
Evaluate (-1 - 8) + 11 + 4.
6
(-13 - -1) + (9 + -3 - 4)
-10
What is -6 - ((-16 - -12) + 3 + -3)?
-2
What is 313 + -318 + (0 - -4)?
-1
What is the value of -4 - (-4 + 0) - (-1 + -3)?
4
What is 9 - 8 - (0 - (4 - 6))?
-1
4 + -4 - -2 - 0
2
Evaluate (-3 - -2) + 1 + 2 + -2.
0
Calculate -1 - (-1 + 2 - (-28 + 25)).
-5
Evaluate 0 + -2 + 3 + 0.
1
Calculate (-10 + (-4 - -6) - -6) + -3.
-5
What is the value of 4 + -4 + 7 + -2?
5
What is (-1 - 2) + (-6 - -1 - -2)?
-6
Calculate (-2 - 1) + (3 - -1).
1
Evaluate 6 + (4 + -8 - (3 - -7)).
-8
What is the value of (-5 - -2 - 1) + 3 + 3?
2
(0 - 5) + 2 + (-3 - -3)
-3
10 + (-2 - -2 - -2) - 6
6
What is the value of -12 + 20 - (-2 + 5)?
5
What is 4 + -2 + -3 + 2 + -1?
0
What is 5 + -1 + (-3 - (1 + -2))?
2
Calculate -20 + 14 - (1 + -8).
1
What is the value of 5 - (-3 - -4) - 3?
1
What is the value of (3 - (-5 + 10 + -3)) + 3?
4
What is the value of -7 - 2 - (1 + -13)?
3
Calculate -7 + 4 + -3 + 5.
-1
Calculate 15 + -21 + (-1 - -7).
0
What is (9 - -4) + -6 + -2 + 3?
8
What is 0 + (1 + 3 - 7) + -5?
-8
Calculate 5 - 7 - 3 - (-13 + 3).
5
What is the value of (-12 - -25) + -16 - -2?
-1
What is the value of 9 - ((-3 - -1) + -7 + 10)?
8
-2 - ((-1 - 2) + 4)
-3
Evaluate 0 + -11 - (-38 - -29).
-2
Evaluate 9 - (8 - (6 - 1)) - 1.
5
What is the value of -1 + -11 + (18 - 10)?
-4
What is the value of 0 + 2 - (-52 - -47)?
7
7 - 0 - -12 - 13
6
What is -2 + 3 - (-2 - -1)?
2
Calculate -15 + 2 + -68 + 78.
-3
Calculate (13 - 5) + (-2 - 1) - 5.
0
What is the value of (-6 - 9) + 8 - 2?
-9
What is -4 - (1 - -4 - 1 - 11)?
3
What is -5 + 17 + 0 + -6 + -6?
0
Evaluate -4 + 0 + (-25 - -16 - -11).
-2
Evaluate 1 + 4 + -1 + -9.
-5
What is -4 - (10 + -13 + 3)?
-4
What is the value of (-1 - -6) + 2 + -9?
-2
Evaluate -9 + -12 + (25 - 13).
-9
What is the value of 0 + -4 - (10 - 11)?
-3
What is (2 - -1) + 3 - 2?
4
2 + (5 + -9 - 3)
-5
What is -29 + 24 + (-2 - (0 + -1))?
-6
Evaluate 3 + 3 - (13 + -15 + 7).
1
What is the value of 8 - (3 - 3) - 14?
-6
Evaluate -6 + (0 - (2 + -9)).
1
What is the value of -7 + (-2 - (2 - 4)) + 4?
-3
What is the value of -4 + (-6 - -6 - (0 + 0))?
-4
Evaluate 1 + (-1 - 3) + 4.
1
Evaluate (-4 - (-2 - 11)) + -11.
-2
Calculate (-13 - -15) + (1 - (-3 - -1)).
5
Calculate -4 + (4 - 2) + -2 + 4.
0
What is the value of 211 + -214 - (1 + (-6 - 1))?
3
(-9 - -5) + 1 + -2 + 0
-5
What is the value of 10 + 2 + -4 + -3?
5
What is the value of 0 + -3 - -7 - (19 - 14)?
-1
What is the value of (2 - (-7 + -7)) + -6?
10
What is 2 + 1 + -8 - (-1 + -1)?
-3
What is the value of 5 + -1 + 8 + -10?
2
What is -4 - (1 + (0 - 6) - -6)?
-5
What is the value of -1 - 1 - (-6 + (-6 - -5))?
5
-8 + (-13 - (0 - 5) - -15)
-1
What is the value of 1 - (0 + 1 + 2)?
-2
Evaluate -2 + 0 + (2 - 2) - 3.
-5
What is the value of 1 - (-3 + (-4 - -7))?
1
(12 - (10 + 9)) + 9
2
What is (0 - -7) + (-9 - 2)?
-4
Evaluate (2 - 9) + 13 + -8.
-2
Calculate 6 - (12 - (-1 + -2 + 5)).
-4
Calculate (6 - (-4 + 0)) + -8.
2
Evaluate 3 - (1 + (-2 + 4 - 2)).
2
What is the value of -10 + 9 + (-5 - -1)?
-5
-4 + 1 + -7 + 1 + 8
-1
Evaluate -2 + 0 + 1 + (0 - -2).
1
Evaluate 4 + -2 - (5 - 1).
-2
Calculate 14 + -10 - (-6 - -2).
8
What is the value of -11 + 11 + (0 - (1 - 0))?
-1
21 + -6 - 0 - 11
4
Calculate (-7 - (6 + -11)) + (4 - -1).
3
What is -7 - (-13 + 10 - 10)?
6
-1 + (-7 - -9) + -7 - -3
-3
What is -5 + 0 + 4 - -5?
4
-1 + (-7 - -5) + 2
-1
What is the value of 3 - (5 - (-2 + 6 + 2))?
4
Evaluate -4 + -5 - -14 - 11.
-6
Evaluate -5 - ((5 - 2) + -4 + 1).
-5
Evaluate 8 - (-3 - (-10 + (2 - -1))).
4
What is the value of (-3 - -2 - 3 - 0) + 1?
-3
3 - (9 - 6 - 4)
4
What is the value of 35 + -35 + (8 - 1)?
7
Evaluate -8 + 6 + -3 - -10.
5
3 + -6 + 4 + 3 + -10
-6
What is -1 - (4 + -5 + 2 + 1)?
-3
What is the value of (4 - (-9 - -4)) + -5?
4
What is the value of 8 + -10 - (-2 - -7 - 9)?
2
-1 + -2 - (-175 - -164)
8
(-2 - -1) + 2 - (7 + -5)
-1
What is the value of 10 + (-5 - (3 + -3))?
5
What is the value of 2 + -3 - ((-3 - 1) + 1)?
2
What is (-1 - (-4 - (-5 - 1))) + -1?
-4
Evaluate 3 + (-9 - 1) + 8 + 3.
4
What is the value of -7 + 9 + -6 - -4?
0
2 - (-6 - 3 - (5 - 11))
5
What is 8 + (-2 - 0) + 2 + -4?
4
Calculate 4 - -1 - (-6 - -8).
3
Evaluate 8 - (6 - (1 - (1 + -2))).
4
43 + -51 - (-1 + -2)
-5
What is the value of (-1 - (11 - 8)) + 11?
7
6 + -8 + -3 + -2
-7
What is the value of (1 + -3 - (24 - 20)) + 3?
-3
Evaluate 5 - (8 + -8 - -8).
-3
Evaluate (-5 - (-4 - 4)) + 2 + -1.
4
What is the value of (12 - 24) + 9 + -3 + 17?
11
Calculate 5 + (4 + (-2 - 6) - -2).
3
What is the value of (4 - (10 - 6)) + 12 - 5?
7
What is 8 + -3 + -1 - -2?
6
What is 1 + -5 + 2 + -3?
-5
Evaluate 17 - (15 - (-9 + 13)).
6
Calculate 6 - (2 + -4 + 5).
3
What is 0 - 0 - 5 - (-33 - -33)?
-5
Calculate (10 - -2) + (15 + -3 - 17).
7
Evaluate 6 - -11 - 16 - (-4 + 0).
5
Evaluate 1 - -2 - (-1 + 6).
-2
What is the value of -9 + 5 + 0 + -1?
-5
Evaluate 7 + (-3 - 1) + 15 + -13.
5
What is the value of (2 - 7) + (0 - -1)?
-4
-3 + 2 + -7 + 12
4
Calculate -2 - (16 + -12 - 15).
9
What is (3 - 13) + -1 - -17?
6
Calculate 6 - (0 + 3 + -3 + 3).
3
Evaluate (-5 - -9 - 7) + -2.
-5
Calculate (-2 - (-7 - 0)) + -6.
-1
Calculate (-1 - 0 - (-6 + 3)) + -3.
-1
What is the value of 8 + -4 + -7 - -4 - 5?
-4
Evaluate 5 + -2 - (-2 - (-2 + -6)).
-3
Evaluate 4 - 4 - (1 - 0).
-1
-4 + -3 - (1 - (10 - 6))
-4
Calculate 2 + -5 + -2 + 2 + -1.
-4
Evaluate -2 - (3 + 6 + -17).
6
What is the value of (0 + -2 - 10) 